 = -l**2 + 2*l. Let f be u(2). Suppose 2*z + 5*j - 1243 = f, 0 = -3*j + 5*j + 6. Is z a composite number?
True
Let g(j) be the first derivative of -j**4/4 - 14*j**3/3 - 18*j**2 + 18*j + 30. Is g(-17) a composite number?
True
Suppose -12 - 18 = -10*x. Suppose 1731 + 288 = x*d. Is d composite?
False
Suppose 2*v - 1237 = -3*w, -3*w - v + 1235 = -0*w. Let i = 219 - 395. Let j = w + i. Is j a composite number?
True
Suppose -4*w + 0*w = 3*g + 850, 2*g - 207 = w. Let o = -142 - w. Is o a prime number?
False
Suppose 58*g - 8795 = 53*g. Is g composite?
False
Let b(w) = w**3 - w**2 - 2*w - 1. Let k be b(3). Suppose 3*d + 1 = -c + d, c - 4*d - k = 0. Suppose -38 = -m + f, -c*f - 10 = -1. Is m a prime number?
False
Let g(b) = -8*b**3 - 5. Let v be g(-4). Let k = v + -284. Is k composite?
False
Suppose 0 = -5*g + 2*c + 15677, 4*g - 12762 = 4*c - 230. Is g composite?
False
Let f = 8136 + -1418. Is f prime?
False
Let x = -18 + 8. Let f be (-5)/(x/(-8)) - -4. Suppose -1179 - 1110 = -3*d - 4*j, f = 2*j. Is d a composite number?
True
Let a = 38 - 33. Suppose -138 = a*b + 1807. Let r = -228 - b. Is r composite?
True
Suppose -60*u = -57*u - 3*m - 33351, 2*u - 3*m = 22238. Is u prime?
True
Let y(d) = 24591*d**2 + 18*d + 20. Is y(-1) a prime number?
True
Suppose -o + 416 = -2*u, 5*u - 371 = 5*o - 2466. Is o a composite number?
True
Suppose 35320 = 7*b - 32181. Is b a composite number?
False
Let v(r) = 5*r + 31. Let n be v(15). Suppose -145 = -4*j + d + 216, 0 = -j - 5*d + n. Is j prime?
False
Let o(d) = -8*d**3 - 5*d**2 + 15*d + 53. Is o(-8) composite?
False
Let m(n) = -n**3 - n - 13. Let t be m(0). Let g = t + 11. Is 11*2/g*-17 composite?
True
Let j(m) = 54*m - 43. Is j(26) a prime number?
True
Suppose -3*m + m = -36. Suppose y = -y + m. Is (-3)/y - (-4764)/9 a composite number?
True
Let b be (4/6)/((-2)/(-6)). Let l be (-9)/(-1 - -2 - b). Suppose q - 5 = l. Is q a prime number?
False
Suppose 0 = -j + 2*j - 5114. Suppose -2*s - j = -4*i, -3*i = -3*s + 4*s - 3828. Is i prime?
True
Let f(t) = 4*t**2 + 1. Let b be f(1). Suppose -b*z = 3*n - 7, n + 0 + 1 = 0. Suppose -4*q + 5*g + 1921 = 0, -5*g = 5*q - z*g - 2392. Is q composite?
False
Suppose -21957 = -5*b - 2*o, -4*o + 4395 = -0*b + b. Is b a prime number?
True
Suppose -4*c - 705 = 11*c. Let g = 205 + c. Is g a prime number?
False
Let m = -11450 + 19951. Is m a composite number?
False
Let d(q) = 159*q**2 - 27*q - 151. Is d(-21) a composite number?
True
Let p = 40144 + -14003. Is p a prime number?
True
Let b be 8/(-12)*1*-81. Suppose 0*q = 2*y + q + b, -4*y = q + 112. Let p = 63 + y. Is p prime?
False
Let t(a) = 60*a + 1. Let y = 22 + -49. Let j be (4/(-12))/(1/y). Is t(j) composite?
False
Suppose -5973 = -13*h + 5818. Is h a prime number?
True
Suppose 0 = -0*v - 14*v + 139090. Is v prime?
False
Suppose -5*j + 41 + 119 = 0. Is 3295/7 - j/(-112) composite?
True
Let z be (-8)/52 + (-41)/(-13). Suppose -s = 2*s - 5*c - 29, 0 = -2*s + z*c + 18. Let v = 22 - s. Is v a composite number?
False
Let j(f) = 25 - 3*f**3 + 11*f - 6 - 20*f**2 + 4*f**2 + 2*f**3. Is j(-17) prime?
False
Let x be -4264 + (-2)/(4/6). Let z = -1922 - x. Suppose 0 = 2*l + 5*l - z. Is l composite?
True
Let d(m) be the second derivative of m**5/20 + 3*m**4/4 - 3*m**3/2 + m**2 + 4*m. Let c be (-11 + 7 + -5)*(-1 - -2). Is d(c) prime?
True
Let m(c) = -2*c**2 + 9*c + 10. Let a(k) = 3 - 3*k**2 - 18*k + 2 + 2*k**2 + 23*k. Let t(j) = 5*a(j) - 3*m(j). Is t(-4) prime?
True
Suppose -3*n = 3*m - 228150, -2*n - 6*m = -10*m - 152106. Is n a composite number?
True
Let m = 1217 + 862. Let u = m - 1438. Is u a prime number?
True
Suppose -25 = -5*z - 3*c, c = z - 0 + 3. Suppose 14 = 2*y + 2*l, y - z*l - 3*l = 13. Is (406/6)/(y/24) composite?
True
Let r be 6/(-15) + (-22)/(-5). Suppose -s = 2 - r. Suppose 30 + 62 = s*x. Is x prime?
False
Let m = -85 - -83. Is (m - -2051*(-3 + 4)) + 4 a composite number?
False
Suppose 0 = -2*o + 3 + 171. Suppose 0 = 2*g + o - 385. Is g prime?
True
Let v be (3 - 75)/(2/(-6)). Let d = v - -959. Suppose -3*x - d + 12 = -4*b, 3*x = -3*b + 888. Is b composite?
False
Let r(m) = 3984*m**2 + 6*m - 5. Is r(1) a prime number?
False
Let k = -233 - -282. Is k a composite number?
True
Suppose 7*f - 2762 + 529 = 0. Is f a composite number?
True
Suppose 2*f - 1495 = -3*f. Let l = 181 - f. Let z = l - -209. Is z a prime number?
False
Let o(s) = -277*s**2 - 2*s - 1. Let k be o(-1). Let c = k - -391. Is c composite?
True
Let s be (1 - 189)/((-4)/(-16)). Let m = s + 1297. Is m prime?
False
Let a(z) = -z. Let y be a(-4). Suppose -l + 4*h = -313, 7*l - 2*l + y*h - 1445 = 0. Is l prime?
True
Suppose -o - 2*g = -5*o + 12652, 0 = -g. Is o prime?
True
Let i(s) = 60*s**2 + 19*s + 76. Is i(-5) composite?
False
Let f = -11763 + 19370. Is f a prime number?
True
Let m = 200 + -50. Let t be (2 - 11)/((-6)/m). Let a = t + -64. Is a a prime number?
False
Let u(g) = g**2 - 17*g + 28349. Is u(0) composite?
False
Let x(o) = 326*o**2 + 88*o + 1. Is x(10) a prime number?
False
Suppose 45*c - 85*c = -282760. Is c a composite number?
False
Suppose -4*q = 5*h - 3, -q = -2*q + h + 3. Let g be 4680/35 - q/(-7). Suppose -g = -5*j + 101. Is j a composite number?
False
Suppose -4785 = -b + 2*k, k + 10252 = 4*b - 8902. Is b prime?
True
Let d be (-29)/2 + 15/10. Let u = 18 + d. Suppose -u*f + 1114 = -j, -j + 4 = 3*j. Is f a composite number?
False
Let f = 2 - -1. Suppose -22 = -3*k - 2*r, -k + f*r - 7*r + 4 = 0. Is 2/k - 579/(-4) a composite number?
True
Suppose 0 = 9*d - 12*d - 171. Let c = d - -98. Let l = c + -28. Is l prime?
True
Suppose 0*n - 2*n + 4 = 0. Let v(r) = 245*r**2 - 2*r + 7. Is v(n) composite?
False
Let k(d) = -d**3 - 16*d**2 - 18*d - 22. Let p be k(-12). Let n = 1091 + p. Is n prime?
True
Let g(n) = n**2 - 3*n + 159. Let x = 48 + -48. Is g(x) prime?
False
Let x(b) = -42*b - 4. Suppose j + 7 - 21 = 0. Let a be x(j). Let f = a + 845. Is f a prime number?
False
Let h(j) be the second derivative of 19/2*j**2 + 7*j + 1/20*j**5 - 1/6*j**3 + 1/12*j**4 + 0. Is h(0) composite?
False
Suppose -5*j + 5849 - 127 = 2*i, 3*i - 8592 = -3*j. Let k = i - 1968. Is k prime?
False
Let n(b) = 2939*b**3 - 47*b**2 + 91*b - 5. Is n(2) a prime number?
False
Let v(l) = l**3 - 9*l**2 + 20*l - 59. Is v(14) composite?
False
Let t = 92700 - 44527. Is t composite?
True
Let a(c) = -2*c**3 - c**2 + 1. Let k be a(-1). Let r = -1957 + 3527. Suppose k*h - r = -3*h. Is h prime?
False
Suppose -37*w = w - 189278. Is w a composite number?
True
Suppose 0 = -g + 3846 - 309. Let f = g + -2470. Is f a prime number?
False
Suppose 39*h + 397 = 38*h. Let y = -186 - h. Is y a prime number?
True
Let z = -13 - -18. Suppose z*a = 5*h - 6*h + 728, -5*a + 2154 = 3*h. Is h composite?
True
Suppose -2*c + c - 4*n = -2, -2*n + 8 = 4*c. Suppose -5*z + 170 = 3*v - 4*z, -c*v = 5*z - 96. Is v composite?
True
Let u = 70 - 67. Suppose 4*p + u*b = 3334, 2*b + 199 + 640 = p. Is p composite?
True
Suppose 809944 = 45*d + 205999. Is d a composite number?
False
Suppose 8 = -3*v + 7*v. Let c be (-8)/v + 3182 + -10. Is c/10 + 2/10 prime?
True
Suppose 4*q = -2*v + 1710, 12*v - 16*v - 3*q = -3410. Is v composite?
True
Let w(q) = -563*q + 281. Is w(-28) prime?
False
Let g be 1691/3 + (-10)/(-30). Let q = g + -245. Is q composite?
True
Let g be 3/6 - -1*1/(-2). Suppose g = -4*u + k + 22132, 3*k - 7537 - 9062 = -3*u. Is u composite?
True
Let q(g) = -g**3 + 8*g**2 + 7*g - 6. Let m(j) = -j**2 + 6*j - 1. Let p be m(5). Let y be q(p). Let h = y + -51. Is h composite?
True
Suppose 0 = 37*a - 34*a - 15627. Is a a composite number?
False
Let n(w) = w**2 - 1. Let h be n(1). Suppose -4*y - 3*m + 4 + 1 = 0, 5*y = m + 11. Suppose 118 = 2*v + 4*b, -y*b - 8 = -h. Is v a composite number?
False
Let w = 293224 - 175547. Is w composite?
True
Let w = -223 - -1440. Is w a prime number?
True
Suppose -w + 3*d - 8 = 0, 3*d - 13 = w - 5*w. Is (0 - -3)*w*-1 + 322 composite?
True
Suppose 3*y = -2*d - y + 220, -2*d + y = -210. Let v = 285 + d. Is v a composite number?
True
Let x(o) = 14*o**2 - 6*o + 41. Is x(-11) composite?
False
Suppose -794 = 5*r - 4224. Let u = r + 237. Is u a composite number?
True
Let x(p) = p - 297. Let u be x(0). Let a = 2471 + u. Is a a composite number?
True
Let g = -20 + 25. Suppose 20 + 5 = g*r. Suppose -273 = 2*p - r*p. Is p prime?
False